er?
False
Is 3434916553 composite?
True
Is 826013779 composite?
False
Is 2996038499 a composite number?
True
Is 16416052717 a prime number?
True
Is 2220940261 a prime number?
True
Is 83215619 a composite number?
False
Is 1273234801 composite?
True
Is 1099309829 composite?
False
Is 31808134 prime?
False
Is 5088851945 prime?
False
Is 47143823497 prime?
False
Is 3613502567 composite?
True
Is 7613650955 a composite number?
True
Is 120769052653 composite?
False
Is 23719074559 composite?
False
Is 4885054903 prime?
True
Is 153478297313 prime?
False
Is 4654261121 a composite number?
False
Is 18478963781 a composite number?
False
Is 164976859 a prime number?
False
Is 11502693971 a composite number?
True
Is 400062127 composite?
True
Is 12525024593 prime?
True
Is 3331768753 prime?
False
Is 835760311 composite?
True
Is 2671268437 composite?
True
Is 5263691651 composite?
False
Is 4863988253 prime?
False
Is 1020311521 a prime number?
True
Is 6125915119 prime?
True
Is 244253983 prime?
False
Is 1135832189 a composite number?
False
Is 34799966561 composite?
True
Is 1840542497 composite?
True
Is 148457297 a composite number?
False
Is 1070983217 a composite number?
True
Is 278756791 prime?
False
Is 9398283877 a prime number?
True
Is 56937883237 prime?
False
Is 384543862 a composite number?
True
Is 1630166621 a prime number?
True
Is 126279773 a prime number?
False
Is 429645610097 a composite number?
True
Is 2012950353 a composite number?
True
Is 410826977 composite?
True
Is 10789411057 prime?
True
Is 5185264339 a prime number?
True
Is 1146319771 prime?
True
Is 66114654701 prime?
False
Is 1878855245 prime?
False
Is 371238991 composite?
True
Is 3955537227 a prime number?
False
Is 13670706403 prime?
True
Is 934986359 a composite number?
False
Is 1115357173 a composite number?
True
Is 22584115709 a composite number?
False
Is 959758903 prime?
True
Is 247867580047 composite?
False
Is 2041617493 a composite number?
False
Is 42958781 a composite number?
True
Is 547820477 a prime number?
True
Is 884999567 composite?
True
Is 2624877149 composite?
False
Is 537991849 a prime number?
True
Is 1415700827 a composite number?
False
Is 33698886679 composite?
False
Is 2095020695 prime?
False
Is 14445451 a prime number?
False
Is 62458227857 composite?
True
Is 14929071547 a prime number?
False
Is 214415689 a composite number?
False
Is 20550999277 a prime number?
True
Is 14469187897 prime?
False
Is 33644468843 a prime number?
True
Is 1364666783 prime?
True
Is 12202001 a prime number?
False
Is 3750573067 prime?
False
Is 382133 a composite number?
True
Is 3900307553 a composite number?
False
Is 717842149 a prime number?
True
Is 4948569929 a prime number?
False
Is 157745773623 prime?
False
Is 3538661963 composite?
True
Is 238805748263 a prime number?
True
Is 6891511547 a prime number?
True
Is 6253306531 composite?
False
Is 7033359433 prime?
False
Is 45891798595 prime?
False
Is 9662106539 a prime number?
True
Is 2074541701 composite?
False
Is 135448757 a composite number?
False
Is 9310351327 composite?
True
Is 91701166 composite?
True
Is 995534114 composite?
True
Is 46435297831 prime?
False
Is 289951945 a composite number?
True
Is 3676848823 a prime number?
False
Is 407268601 a composite number?
False
Is 12371647063 composite?
True
Is 24164505887 prime?
False
Is 10163466317 prime?
True
Is 91439921 composite?
True
Is 1487567933 composite?
False
Is 195440887 a composite number?
False
Is 102105197399 composite?
False
Is 340328861 composite?
True
Is 4051282645 prime?
False
Is 411257558209 a composite number?
False
Is 232205417 prime?
True
Is 191871151 a prime number?
False
Is 161504719 composite?
True
Is 27131633 a composite number?
True
Is 2164728673 prime?
False
Is 172268561 prime?
True
Is 3709209173 a composite number?
False
Is 228639289 composite?
False
Is 41063799629 a prime number?
True
Is 29097724027 prime?
True
Is 250072861 prime?
False
Is 1097148727 prime?
False
Is 12687271871 a prime number?
True
Is 406263997 a prime number?
True
Is 2900413913 composite?
True
Is 51406217503 prime?
False
Is 51105878297 a prime number?
True
Is 388044409 a prime number?
True
Is 1801525357 composite?
True
Is 53383667423 a composite number?
False
Is 2804213189 composite?
True
Is 432637937 composite?
True
Is 71916901111 a composite number?
True
Is 109425763 a prime number?
True
Is 52571974553 prime?
False
Is 96089207363 a prime number?
True
Is 2096291 a composite number?
False
Is 5021815543 composite?
False
Is 99753911 a prime number?
False
Is 7919709227 a prime number?
True
Is 4821281 a composite number?
False
Is 139734211 a prime number?
False
Is 228535961 prime?
True
Is 15740512621 a prime number?
False
Is 35879746181 composite?
True
Is 1819694387 a prime number?
False
Is 61051588799 composite?
False
Is 208259501 composite?
True
Is 88391981 composite?
False
Is 8027806405 composite?
True
Is 1603942289 composite?
True
Is 942922727 prime?
False
Is 103852192427 a composite number?
True
Is 31186199791 composite?
False
Is 560829487 a composite number?
False
Is 144908949701 composite?
True
Is 78449915989 prime?
True
Is 1310239649 composite?
False
Is 1317898457 a prime number?
True
Is 3002635301 composite?
False
Is 13297499 a prime number?
True
Is 34961941783 a composite number?
False
Is 161142081809 a composite number?
False
Is 2372715799 composite?
True
Is 12042019169 prime?
True
Is 4157549679 composite?
True
Is 6004429654 prime?
False
Is 855035101 a prime number?
False
Is 3266599753 prime?
False
Is 207850711 a composite number?
True
Is 1635231581 prime?
False
Is 3414356717 a prime number?
True
Is 4519822955 prime?
False
Is 3290326441 a composite number?
True
Is 1525226971 a composite number?
False
Is 11993011787 prime?
True
Is 27192231803 composite?
True
Is 11150204557 a composite number?
False
Is 282670429 prime?
False
Is 305247539 prime?
True
Is 10242291109 prime?
True
Is 801634291 a prime number?
True
Is 8425280033 a composite number?
False
Is 5359741271 a composite number?
True
Is 9827978071 composite?
True
Is 3976805129 a composite number?
True
Is 8438866537 prime?
False
Is 207587947 a composite number?
True
Is 1881414163 prime?
False
Is 23193224257 a composite number?
True
Is 511461659 a composite number?
True
Is 1725432095 a composite number?
True
Is 28744006187 composite?
True
Is 11465250802 prime?
False
Is 323361937 composite?
False
Is 320931887 a composite number?
True
Is 971402489 a composite number?
True
Is 40377535723 a composite number?
True
Is 2785658251 a composite number?
False
Is 653008757 composite?
False
Is 3210784267 a composite number?
False
Is 1923098797 composite?
False
Is 257567047 a prime number?
True
Is 171585107 prime?
False
Is 9934562977 composite?
True
Is 187031981 a composite number?
False
Is 13902586487 composite?
True
Is 9031514293 prime?
False
Is 2574365609 a composite number?
True
Is 93676045909 composite?
True
Is 16544837 composite?
False
Is 3625476553 a prime number?
False
Is 3194799187 composite?
False
Is 118622997979 composite?
True
Is 436946467 composite?
False
Is 4625540981 prime?
True
Is 1301540747 composite?
True
Is 15746502815 prime?
False
Is 14527513349 a prime number?
False
Is 3784028497 prime?
False
Is 26423620259 a composite number?
False
Is 1432600801 composite?
True
Is 404879801 a prime number?
True
Is 823309999 a prime number?
True
Is 25209761327 composite?
False
Is 1442514253 composite?
True
Is 67790096299 a prime number?
True
Is 585768829 prime?
False
Is 14187669203 composite?
True
Is 47199001849 prime?
True
Is 744208591 a prime number?
False
Is 119187617 a prime number?
True
Is 2255884339 composite?
True
Is 220803131 a composite number?
False
Is 2686140683 composite?
True
Is 584394133 a prime number?
False
Is 8818560823 a composite number?
True
Is 62374729 a prime number?
True
Is 15926454877 a composite number?
False
Is 9265880137 a composite number?
False
Is 56095984717 prime?
True
Is 35938339 prime?
True
Is 2667191477 prime?
True
Is 9831402611 a composite number?
True
Is 93870589 prime?
False
Is 14678844533 a prime number?
True
Is 6543742717 prime?
True
Is 107631977 a prime number?
False
Is 304391539343 a composite number?
False
Is 5528145299 prime?
True
Is 6196336319 a prime number?
False
Is 13685557 a composite number?
False
Is 755759 a prime nu